alue of (10 - -9) + -53 + -1?
-35
Evaluate 62 - (71 - 6) - (-2 + (2 - 6)).
3
23 + -1 + 549 + -568 + 48 + (1 - 1)
51
(-1 - -4 - 2) + 0 + -63 + (-3 - 3)
-68
What is the value of 5 + -8 + 20 + 45 + 22?
84
Evaluate -35 - (-10 + -48 - 6).
29
What is 2 + 1 + 2 + (15 - 18 - -3) + 44?
49
What is the value of -8 + (7 - 8) - (4 + -1) - 2?
-14
Evaluate (13 - (-1 + 4)) + (-168 - -176).
18
-49 + 55 + -1 + 4 - 3
6
Evaluate -19 - -12 - -22 - (5 - 15).
25
What is -7 + (3 - -1) + (-137 - -130)?
-10
What is the value of -5 + 4 + -2 - (-6 + -12 + 9 + -10)?
16
What is 5 + -7 + 444 + -479?
-37
Evaluate (1 - -18) + -1 - (25921 + -25896).
-7
10 - ((26 - 0) + 6) - -76
54
(-4 + 14 + 6 + -12 - -34) + 5
43
Evaluate -3 + -129 - (133 + 20 - 140).
-145
Calculate (-11 - -29) + (-23 - 91) + 3 + -8.
-101
Evaluate 25 - (-44 + 77) - -42.
34
What is 106 - (1 - -6 - (-73 - -19 - -44))?
89
Evaluate -1 + 9 - (22 - (2 - 26) - -31).
-69
(7 - (16 + -12 + 12 - 5)) + (5 - -118)
119
What is the value of (39 - -68) + -61 - 90?
-44
What is the value of 3 + 9 - 69 - (5 + -20 + 34)?
-76
Evaluate 33 - (-7 - -5 - (3 + (1 - (-9 - -7)))).
41
Evaluate (70 - ((29 - 13) + -28) - -2) + -11.
73
Calculate -54 - (55 + -40) - -41.
-28
(2 - 12) + (-3 - -1 - 47 - (447 - 440))
-66
Calculate 24 + 21 + (-155 - 4) + 22.
-92
8 + (-2 - -11) - 6 - (2 - (-18 - 119))
-128
What is 46 + -2 - (1437 - 1311)?
-82
Calculate 11 - (-97 - -61 - 1).
48
39 + -10 + 22 + -47 + 7
11
Calculate 2 + (-2 - 11) - (-74 - -26 - -57).
-20
-13 + -22 + -451 + 502
16
What is (20 - (7 - -24)) + (16 - 49)?
-44
What is -49 + (-45 - (-35 - 88))?
29
What is the value of 3 + (2 + -132 - (11 + -17)) + -9 + 15?
-115
Calculate (-1 - 1 - (30 + -30)) + (8 - 5) + -40.
-39
Evaluate -1 + 15 + -41 + -41 - (-12 - -1).
-57
What is the value of (-11 - -9 - (-40 + 1)) + (7 - 6) + -15?
23
-25 + 43 + -5 - 14 - 36
-37
7 + -43 - 6 - (2 + -31)
-13
What is 1 + 33 + (-7758 - -7684)?
-40
47 - (-17 + -24 - -59)
29
Calculate 14 + (-7 - -13 - -7) - 14.
13
Evaluate 19 - (47 + -52 + 48).
-24
Evaluate -1 + (-12 - ((6 - 15) + 8)) + 19.
7
-3 + 17 - 3 - (80 - (27 + 14))
-28
What is the value of 0 - -2 - (34 + -7 - (8 + 0)) - -1?
-16
2 + 29 + 1 - (-60 + -20 - -75)
37
Evaluate -4 + -111 - -2 - (17 + 31 + -51).
-110
-29 - (3 + (10 - (22 - 31)))
-51
Calculate 7 - (43 - 25 - (2 + 1)) - -2.
-6
What is -347 + 338 + 1 + 28 + -8 - 69?
-57
30 + (20 - -2 - 35 - 9)
8
86 + (82 - 111) - 155
-98
Evaluate (54 + 0 - 38) + -1 + -26.
-11
Calculate (-7 - -26) + (-79 - -57) - 33.
-36
What is the value of (-22 - (-13 - 3)) + (2 + 0 - (1 + 0))?
-5
77 + (4 + (-38 - -45 - (3 + 7)) - 10)
68
What is the value of (-13 - (-3 + 3)) + 15 + -8?
-6
What is (13 - 10 - 1) + -45 + (-8 - -5)?
-46
What is -15 - (10 + -3 - (28 + (-20 - (3 - 5))))?
-12
What is the value of 113 + -116 + 12 + 43?
52
What is the value of -17 + -8 + -10 + 21 + -25 + -1?
-40
What is 101 + (429 + -419 - (0 + 52))?
59
Evaluate -70 + -1 + (-46 - -1 - (-137 - -100)).
-79
What is (-462 - -468) + (-1 - 34) - -17?
-12
What is 3 + 16 + 14 + -8 - (-5 - 2 - -14)?
18
What is (-7 + 91 + (36 - 23) - (-1 + 6)) + -7?
85
Calculate (-4412 - -4501) + (1 - 37).
53
Evaluate (0 - -2) + 9 + (31 - 32) - 57.
-47
56 + (1 + -5 + (-5 - -9) + 10 - 5)
61
Calculate 1 - (-5 - -7) - (63 + (-26 - 11)).
-27
(-1 - 2) + 3082 + -3110
-31
What is the value of (2 - -3 - -7) + 19 + -21 + -1 + -3?
6
Evaluate 2 + -72 + (2868 - 2746).
52
What is -157 - -38 - -100 - (-14 - (-2 + 0))?
-7
Evaluate -6 + 29 + -6 + 4 + 9 + 2 + -6.
26
4 + -142 - (0 - ((-2 - -7) + 14) - -10)
-129
What is (2 - -8) + (24 - 42 - (-15 - (2 + -7)))?
2
What is the value of 11 - (-8 + (-5 - (-8 - 0))) - -74?
90
What is the value of 177 - (21 - -67) - 100?
-11
What is the value of -114 - (-15 + (-5 - -5) + (-5 - -2))?
-96
What is -11 - (24 - 44) - ((0 - -1) + 100)?
-92
What is (16 + (-6 - 16) - -17) + -35?
-24
-21 - -12 - -32 - (-7 + 71)
-41
(-32 + 5 - 0) + -5 + -37 + -9 + 43
-35
Calculate -54 + -16 + 22 + 4 - -20.
-24
What is the value of 0 - (-5 + -1) - (2610 + -2597)?
-7
What is the value of (25 + (0 - 0) - 2) + (-56 - 20) + 65?
12
46 - (0 + 0 - (-25 - (-26 - -2)))
45
Evaluate (7 + 1 - (-62 + 70)) + (19 - 71).
-52
Calculate 1 + (-4 - (-13 - (-31 - -13))) + 77.
69
What is -3 + 0 + 1 + 10 + (2117 - 2160)?
-35
Evaluate -67 + -1 + (0 - (0 + -13) - (-7162 - -7166)).
-59
What is (-183 + 69 - -32) + 142?
60
What is -59 - (-8 - (66 + -13))?
2
What is the value of 87 + (-20 - 2) - 61?
4
What is ((7 - 11) + 18 - (18 + 5)) + 1 + 13?
5
Calculate -15 + (-5 + 69 - 26) - 40.
-17
6 + (-16 - -11) + (2 + -7 - -62 - 4)
54
Calculate 26 - (-27 - -17 - -29) - 104.
-97
50 + -85 + 44 + 36
45
Calculate (-22 - 3) + 740 + -705.
10
Evaluate -210 + 185 + 77 + (1 - 0 - 3 - 0).
50
What is 4 + 64 + (46 - (25 + -1))?
90
What is (1 - 1) + -70 + 169 + -85?
14
9 - (3 + (13 - 57)) - (-1 - 2) - -12
65
Evaluate -3 + 5 + -35 - 14 - (-2 + 3 + -6).
-42
(413 + -470 - (-10 - (2 - 0))) + -10
-55
Evaluate -9 + (-18 - (-2 + 14)) - -8.
-31
What is -1 - -5 - (-220 + 216 + -56)?
64
What is the value of 70 + (20 - ((-15 - -22) + 27)) + 6 + 1?
63
Calculate (-118 + 109 - (-16 - 1)) + 50 - (10 - 5).
53
Evaluate -8 + (42 - -23 - 26) + 45.
76
251 - 204 - (-3 - -78)
-28
(6 - 0) + (-67 - -65) + (0 + -4 - 1)
-1
What is 25 + 23 + -36 + (4 - 23)?
-7
What is 68 - ((23 - 26) + 3 + 1)?
67
Evaluate (-17 - (22 + -27)) + (2 - 1 - (7 + -10)).
-8
Calculate 2 + (62 - 45 - (3 - -2)) + -11.
3
(-79 - 19) + 85 + (-44 - 4)
-61
Calculate -39 + 103 + -50 + -59.
-45
Calculate 27 + 30 + -9 - 25 - 77.
-54
-7944 + 7896 + -18 + 0
-66
Calculate (1 - -85) + (46 + -27 - -3) + (2 - 38).
72
(13 - -47) + (1 - 8) - 5 - -10
58
Calculate 33 + (5 - 23 - (-80 - -52)).
43
Evaluate -3 + 6 - 25 - (-5 + 7 - (32 + -31)).
-23
Evaluate 9 + (20 + -9 - 31) + (-52 - 1).
-64
What is (-39 - -8 - -11) + (-30 - -23)?
-27
-4 + (9 - (-2 + -4 + 24))
-13
What is 3 + (-7 - -3) + 56 + -9?
46
Calculate (0 + 1 - 0) + (-103 - 1) - (642 - 646).
-99
What is the value of -30 - (64 - (79 - 36))?
-51
22 + (-83 - -62) + -54
-53
What is (0 + 34 - 1) + (-109 - (-19 + -78))?
21
What is the value of 10 + (42 + (5 - 2) - (-5 + 30 + -23))?
53
What is (-107 - (-40 - 34)) + -4?
-37
What is the value of (-237 - -235) + (-15 - (3 - -5))?
-25
What is the value of 3 + -2 - 26 - (-145 - (-37 - 122))?
-39
Evaluate -7 + (-23 - -27) - (-15 + 12 + -5).
5
What is -89 - (-43 + -31 + 11 + 30)?
-56
Evaluate (6356 - 6230) + -90 + 0.
36
Evaluate -49 - (30 + -89 + 39).
-29
Evaluate -341 + 378 + (5 - (-7 - -10) - 21).
18
Calculate -18 + (45 - 52 - -31).
6
What is the value of 32 + (3 - (-39 - -8 - -39))?
27
What is the value of -84 - ((2 + 28 - (31 + -8)) + (-8 - 0))?
-83
25 - 17 - ((5 - (4 + -6)) + -5 + -1)
7
107 + -41 + -64 + -28 + 1
-25
What is 692 + -736 - (-9 + 5)?
-40
7 + -1 + -70 + 66 - (0 + -16)
18
What is -2 + 5 + -76 + 72 - -28?
27
(30 - -2) + (-88 + -12 - -120)
52
Calculate -244 + (244 - 5) - (132 + 1 + 1).
-139
Calculate -56 - (-17 - -23) - 11 - -16.
-57
Evaluate (-114 - 55) + 72 - -133.
36
What is the value of (-96 + 230 - 212) + (-9 - 1)?
-88
What is -4 - (7 + 1 + (45 - ((-10 - 10) + 19)))?
-58
What is the value of -11 - (-20 + -3 - (129 - 195))?
-54
What is 62 - (103 - 25 - 94)?
78
Calculate -1731 + 1783 + (-1 - -1).
52
Evaluate (5 - (12 - -3)) + 50 - (-15 + 18).
37
Calculate -26 + 99 + -48 + 15 + -6 + 2.
36
Calculate 21 - (-12 + 21 + -10 + -41 - -11).
52
Calculate -186 + 170 - ((-3 - -5) + -6).
-12
(15 - (-3 - 0)) + -5 + (39 - 41) - 9
2
Calculate (-29 + 15 - -15) + (29 - 5 - (15 + -17)).
27
What is the value of (-13 - 1 - (430 - 433)) + (7 - 2)?
-6
What is 39 + 1 + -2137 + 2216?
119
(-23 - (5 - 13)) + -4 + -1
-20
What is the value of (0 - -1) + 24 + -10 + -19 + 8 + -20?
-16
What is 59 + (-47 - 13) + -7 + (-1 - -5)?
-4
71 + 28 + 18 - 80
37
Evaluate 55 + -18 + -20 - 12 - -8 - 4.
9
What is the value of 0 + 2 - (-13 - -4) - (1552 - 1551)?
10
-3 + (-392 - -405) + -24 + -1 - (-1 - 63)
49
-159 - (-199 + 120 + -19)
-61
Evaluate 6 + (-16 + -27 - ((-8 - -19) + (-1 - -3))).
-50
What is (1590 - 1664) + 4 + 55?
-15
What is the value of (-56 - -156) + -12 + 2 + -24?
66
What is the value of 50 + (31 + -161 - -29)?
-51
Calculate 3 - (30 - ((-4 - 11) + 28)).
-14
7 - (-4 - -7) - (20 - -2 - (-187 - -196))
-9
Evaluate -51 + 12 + 15 + (-6 - 43).
-73
